{"id":25,"date":"2015-03-17T11:22:59","date_gmt":"2015-03-17T11:22:59","guid":{"rendered":"http:\/\/lucas.buclin.org\/?page_id=25"},"modified":"2015-07-15T10:32:32","modified_gmt":"2015-07-15T10:32:32","slug":"media","status":"publish","type":"page","link":"http:\/\/lucas.buclin.org\/?page_id=25","title":{"rendered":"CDs"},"content":{"rendered":"<p><a href=\"http:\/\/lucas.buclin.org\/wp-content\/uploads\/2015\/03\/cd_antoinette_recto.jpg\"><img decoding=\"async\" loading=\"lazy\" class=\"alignnone  wp-image-72\" src=\"http:\/\/lucas.buclin.org\/wp-content\/uploads\/2015\/03\/cd_antoinette_recto.jpg\" alt=\"cd_antoinette_recto\" width=\"296\" height=\"297\" srcset=\"http:\/\/lucas.buclin.org\/wp-content\/uploads\/2015\/03\/cd_antoinette_recto.jpg 735w, http:\/\/lucas.buclin.org\/wp-content\/uploads\/2015\/03\/cd_antoinette_recto-150x150.jpg 150w, http:\/\/lucas.buclin.org\/wp-content\/uploads\/2015\/03\/cd_antoinette_recto-300x300.jpg 300w\" sizes=\"(max-width: 296px) 100vw, 296px\" \/><\/a><a href=\"http:\/\/lucas.buclin.org\/wp-content\/uploads\/2015\/03\/cd_antoinette_verso.jpg\"><img decoding=\"async\" loading=\"lazy\" class=\"alignnone wp-image-70 \" src=\"http:\/\/lucas.buclin.org\/wp-content\/uploads\/2015\/03\/cd_antoinette_verso.jpg\" alt=\"cd_antoinette_verso\" width=\"298\" height=\"298\" srcset=\"http:\/\/lucas.buclin.org\/wp-content\/uploads\/2015\/03\/cd_antoinette_verso.jpg 736w, http:\/\/lucas.buclin.org\/wp-content\/uploads\/2015\/03\/cd_antoinette_verso-150x150.jpg 150w, http:\/\/lucas.buclin.org\/wp-content\/uploads\/2015\/03\/cd_antoinette_verso-300x300.jpg 300w\" sizes=\"(max-width: 298px) 100vw, 298px\" \/><\/a><\/p>\n<p><em><strong>Banalit\u00e9s<\/strong><\/em> \u2013 CD enregistr\u00e9 en juillet 2012 \u00e0 la Jesus Christus Kirche de Berlin pour l\u2019Association Vaudoise des Amis de l\u2019OSR. Prise de\u00a0son : Johannes et Ines Kammann (Nordklang).<\/p>\n<p>&nbsp;<\/p>\n<p><a href=\"http:\/\/lucas.buclin.org\/wp-content\/uploads\/2015\/03\/cd-garborg-recto.jpg\"><img decoding=\"async\" loading=\"lazy\" class=\"alignnone wp-image-60 \" src=\"http:\/\/lucas.buclin.org\/wp-content\/uploads\/2015\/03\/cd-garborg-recto.jpg\" alt=\"cd garborg recto\" width=\"300\" height=\"264\" srcset=\"http:\/\/lucas.buclin.org\/wp-content\/uploads\/2015\/03\/cd-garborg-recto.jpg 812w, http:\/\/lucas.buclin.org\/wp-content\/uploads\/2015\/03\/cd-garborg-recto-300x263.jpg 300w\" sizes=\"(max-width: 300px) 100vw, 300px\" \/><\/a>\u00a0<a href=\"http:\/\/lucas.buclin.org\/wp-content\/uploads\/2015\/03\/cd-garborg-verso.jpg\"><img decoding=\"async\" loading=\"lazy\" class=\"alignnone wp-image-61 \" src=\"http:\/\/lucas.buclin.org\/wp-content\/uploads\/2015\/03\/cd-garborg-verso.jpg\" alt=\"cd garborg verso\" width=\"288\" height=\"263\" srcset=\"http:\/\/lucas.buclin.org\/wp-content\/uploads\/2015\/03\/cd-garborg-verso.jpg 814w, http:\/\/lucas.buclin.org\/wp-content\/uploads\/2015\/03\/cd-garborg-verso-300x273.jpg 300w\" sizes=\"(max-width: 288px) 100vw, 288px\" \/><\/a><\/p>\n<p><em>\u00a0<em><strong>Garborg Bach Brahms\u00a0\u2013<\/strong><\/em><\/em>\u00a0CD enregistr\u00e9 en octobre 2010 \u00e0 Hana Kirke (Norv\u00e8ge). Prise de son: Gunnar T\u00f8nnesen<\/p>\n<p>&nbsp;<\/p>\n<p><a href=\"http:\/\/lucas.buclin.org\/wp-content\/uploads\/2015\/03\/cd_olivier_recto.jpg\"><img decoding=\"async\" loading=\"lazy\" class=\"alignnone  wp-image-74\" src=\"http:\/\/lucas.buclin.org\/wp-content\/uploads\/2015\/03\/cd_olivier_recto-1024x1012.jpg\" alt=\"cd_olivier_recto\" width=\"305\" height=\"302\" srcset=\"http:\/\/lucas.buclin.org\/wp-content\/uploads\/2015\/03\/cd_olivier_recto-1024x1012.jpg 1024w, http:\/\/lucas.buclin.org\/wp-content\/uploads\/2015\/03\/cd_olivier_recto-150x150.jpg 150w, http:\/\/lucas.buclin.org\/wp-content\/uploads\/2015\/03\/cd_olivier_recto-300x296.jpg 300w\" sizes=\"(max-width: 305px) 100vw, 305px\" \/><\/a><a href=\"http:\/\/lucas.buclin.org\/wp-content\/uploads\/2015\/03\/cd_olivier_verso.jpg\"><img decoding=\"async\" loading=\"lazy\" class=\"alignnone  wp-image-76\" src=\"http:\/\/lucas.buclin.org\/wp-content\/uploads\/2015\/03\/cd_olivier_verso-1024x875.jpg\" alt=\"cd_olivier_verso\" width=\"347\" height=\"296\" srcset=\"http:\/\/lucas.buclin.org\/wp-content\/uploads\/2015\/03\/cd_olivier_verso-1024x875.jpg 1024w, http:\/\/lucas.buclin.org\/wp-content\/uploads\/2015\/03\/cd_olivier_verso-300x256.jpg 300w\" sizes=\"(max-width: 347px) 100vw, 347px\" \/><\/a><\/p>\n<p><em><strong>Hommage \u00e0 Fran\u00e7ois Olivier\u00a0<\/strong>\u2013<\/em>\u00a0CD enregistr\u00e9 en concert le 29 novembre 2007 dans la Grande Salle de la Haute Ecole de Musique de Lausanne. Prise de\u00a0son: Ulrich Kohler<\/p>\n<p>&nbsp;<\/p>\n<p>&nbsp;<\/p>\n<p>&nbsp;<\/p>\n","protected":false},"excerpt":{"rendered":"<p>Banalit\u00e9s \u2013 CD enregistr\u00e9 en juillet 2012 \u00e0 la Jesus Christus Kirche de Berlin pour l\u2019Association Vaudoise des Amis de l\u2019OSR. Prise de\u00a0son : Johannes et Ines Kammann (Nordklang). &nbsp; \u00a0 \u00a0Garborg Bach Brahms\u00a0\u2013\u00a0CD enregistr\u00e9 en octobre 2010 \u00e0 Hana Kirke (Norv\u00e8ge). Prise de son: Gunnar T\u00f8nnesen &nbsp; Hommage \u00e0 Fran\u00e7ois Olivier\u00a0\u2013\u00a0CD enregistr\u00e9 en concert&hellip;<\/p>\n","protected":false},"author":1,"featured_media":0,"parent":0,"menu_order":0,"comment_status":"closed","ping_status":"open","template":"template-onecolumn.php","meta":[],"_links":{"self":[{"href":"http:\/\/lucas.buclin.org\/index.php?rest_route=\/wp\/v2\/pages\/25"}],"collection":[{"href":"http:\/\/lucas.buclin.org\/index.php?rest_route=\/wp\/v2\/pages"}],"about":[{"href":"http:\/\/lucas.buclin.org\/index.php?rest_route=\/wp\/v2\/types\/page"}],"author":[{"embeddable":true,"href":"http:\/\/lucas.buclin.org\/index.php?rest_route=\/wp\/v2\/users\/1"}],"replies":[{"embeddable":true,"href":"http:\/\/lucas.buclin.org\/index.php?rest_route=%2Fwp%2Fv2%2Fcomments&post=25"}],"version-history":[{"count":19,"href":"http:\/\/lucas.buclin.org\/index.php?rest_route=\/wp\/v2\/pages\/25\/revisions"}],"predecessor-version":[{"id":86,"href":"http:\/\/lucas.buclin.org\/index.php?rest_route=\/wp\/v2\/pages\/25\/revisions\/86"}],"wp:attachment":[{"href":"http:\/\/lucas.buclin.org\/index.php?rest_route=%2Fwp%2Fv2%2Fmedia&parent=25"}],"curies":[{"name":"wp","href":"https:\/\/api.w.org\/{rel}","templated":true}]}}

<p><a href="http://lucas.buclin.org/wp-content/uploads/2015/03/cd_antoinette_recto.jpg"><img decoding="async" loading="lazy" class="alignnone  wp-image-72" src="http://lucas.buclin.org/wp-content/uploads/2015/03/cd_antoinette_recto.jpg" alt="cd_antoinette_recto" width="296" height="297" srcset="http://lucas.buclin.org/wp-content/uploads/2015/03/cd_antoinette_recto.jpg 735w, http://lucas.buclin.org/wp-content/uploads/2015/03/cd_antoinette_recto-150x150.jpg 150w, http://lucas.buclin.org/wp-content/uploads/2015/03/cd_antoinette_recto-300x300.jpg 300w" sizes="(max-width: 296px) 100vw, 296px" /></a><a href="http://lucas.buclin.org/wp-content/uploads/2015/03/cd_antoinette_verso.jpg"><img decoding="async" loading="lazy" class="alignnone wp-image-70 " src="http://lucas.buclin.org/wp-content/uploads/2015/03/cd_antoinette_verso.jpg" alt="cd_antoinette_verso" width="298" height="298" srcset="http://lucas.buclin.org/wp-content/uploads/2015/03/cd_antoinette_verso.jpg 736w, http://lucas.buclin.org/wp-content/uploads/2015/03/cd_antoinette_verso-150x150.jpg 150w, http://lucas.buclin.org/wp-content/uploads/2015/03/cd_antoinette_verso-300x300.jpg 300w" sizes="(max-width: 298px) 100vw, 298px" /></a></p>
<p><em><strong>Banalités</strong></em> – CD enregistré en juillet 2012 à la Jesus Christus Kirche de Berlin pour l’Association Vaudoise des Amis de l’OSR. Prise de son : Johannes et Ines Kammann (Nordklang).</p>
<p>&nbsp;</p>
<p><a href="http://lucas.buclin.org/wp-content/uploads/2015/03/cd-garborg-recto.jpg"><img decoding="async" loading="lazy" class="alignnone wp-image-60 " src="http://lucas.buclin.org/wp-content/uploads/2015/03/cd-garborg-recto.jpg" alt="cd garborg recto" width="300" height="264" srcset="http://lucas.buclin.org/wp-content/uploads/2015/03/cd-garborg-recto.jpg 812w, http://lucas.buclin.org/wp-content/uploads/2015/03/cd-garborg-recto-300x263.jpg 300w" sizes="(max-width: 300px) 100vw, 300px" /></a> <a href="http://lucas.buclin.org/wp-content/uploads/2015/03/cd-garborg-verso.jpg"><img decoding="async" loading="lazy" class="alignnone wp-image-61 " src="http://lucas.buclin.org/wp-content/uploads/2015/03/cd-garborg-verso.jpg" alt="cd garborg verso" width="288" height="263" srcset="http://lucas.buclin.org/wp-content/uploads/2015/03/cd-garborg-verso.jpg 814w, http://lucas.buclin.org/wp-content/uploads/2015/03/cd-garborg-verso-300x273.jpg 300w" sizes="(max-width: 288px) 100vw, 288px" /></a></p>
<p><em> <em><strong>Garborg Bach Brahms –</strong></em></em> CD enregistré en octobre 2010 à Hana Kirke (Norvège). Prise de son: Gunnar Tønnesen</p>
<p>&nbsp;</p>
<p><a href="http://lucas.buclin.org/wp-content/uploads/2015/03/cd_olivier_recto.jpg"><img decoding="async" loading="lazy" class="alignnone  wp-image-74" src="http://lucas.buclin.org/wp-content/uploads/2015/03/cd_olivier_recto-1024x1012.jpg" alt="cd_olivier_recto" width="305" height="302" srcset="http://lucas.buclin.org/wp-content/uploads/2015/03/cd_olivier_recto-1024x1012.jpg 1024w, http://lucas.buclin.org/wp-content/uploads/2015/03/cd_olivier_recto-150x150.jpg 150w, http://lucas.buclin.org/wp-content/uploads/2015/03/cd_olivier_recto-300x296.jpg 300w" sizes="(max-width: 305px) 100vw, 305px" /></a><a href="http://lucas.buclin.org/wp-content/uploads/2015/03/cd_olivier_verso.jpg"><img decoding="async" loading="lazy" class="alignnone  wp-image-76" src="http://lucas.buclin.org/wp-content/uploads/2015/03/cd_olivier_verso-1024x875.jpg" alt="cd_olivier_verso" width="347" height="296" srcset="http://lucas.buclin.org/wp-content/uploads/2015/03/cd_olivier_verso-1024x875.jpg 1024w, http://lucas.buclin.org/wp-content/uploads/2015/03/cd_olivier_verso-300x256.jpg 300w" sizes="(max-width: 347px) 100vw, 347px" /></a></p>
<p><em><strong>Hommage à François Olivier </strong>–</em> CD enregistré en concert le 29 novembre 2007 dans la Grande Salle de la Haute Ecole de Musique de Lausanne. Prise de son: Ulrich Kohler</p>
<p>&nbsp;</p>
<p>&nbsp;</p>
<p>&nbsp;</p>

<p>Banalités – CD enregistré en juillet 2012 à la Jesus Christus Kirche de Berlin pour l’Association Vaudoise des Amis de l’OSR. Prise de son : Johannes et Ines Kammann (Nordklang). &nbsp;    Garborg Bach Brahms – CD enregistré en octobre 2010 à Hana Kirke (Norvège). Prise de son: Gunnar Tønnesen &nbsp; Hommage à François Olivier – CD enregistré en concert&hellip;</p>
